s 178 a factor of 3151490?
True
Does 74 divide 31421436?
True
Is 33160 a multiple of 376?
False
Does 949 divide 4938670?
False
Does 328 divide 370575?
False
Does 41 divide 14824596?
False
Does 45 divide 1747894?
False
Does 10 divide 622194?
False
Does 23 divide 42124?
False
Is 22 a factor of 397650?
True
Does 52 divide 69436?
False
Is 1664963 a multiple of 100?
False
Is 228059 a multiple of 3?
False
Does 19 divide 2171394?
False
Is 569918 a multiple of 152?
False
Does 3 divide 659123?
False
Is 2430275 a multiple of 3?
False
Is 265 a factor of 1352560?
True
Is 38304 a multiple of 21?
True
Does 210 divide 552510?
True
Does 7 divide 23662?
False
Is 913223 a multiple of 79?
False
Is 215 a factor of 13943825?
True
Does 4 divide 225140?
True
Is 600 a factor of 811569?
False
Is 634317 a multiple of 121?
False
Does 66 divide 63030?
True
Is 3 a factor of 1096452?
True
Does 3 divide 117714?
True
Is 26 a factor of 15600728?
True
Is 9 a factor of 7362099?
True
Is 2686977 a multiple of 7?
False
Is 31 a factor of 12293892?
False
Does 16 divide 88800?
True
Does 75 divide 35625?
True
Is 25921 a multiple of 60?
False
Is 294 a factor of 927760?
False
Is 309762 a multiple of 9?
True
Does 71 divide 22158?
False
Is 609705 a multiple of 78?
False
Does 70 divide 7000490?
True
Does 136 divide 302600?
True
Does 11 divide 835923?
True
Is 240 a factor of 132240?
True
Does 29 divide 4102337?
False
Does 14 divide 32268?
False
Is 225033 a multiple of 17?
False
Is 3 a factor of 136029?
True
Is 163 a factor of 3945252?
True
Is 363680 a multiple of 109?
False
Is 23 a factor of 5107900?
False
Is 12 a factor of 24177?
False
Is 509698 a multiple of 5?
False
Is 61 a factor of 15077736?
True
Is 1729807 a multiple of 51?
False
Is 1124379 a multiple of 304?
False
Does 29 divide 187023?
False
Is 1880890 a multiple of 10?
True
Does 161 divide 571278?
False
Does 83 divide 438855?
False
Is 347514 a multiple of 6?
True
Does 44 divide 56255?
False
Does 30 divide 704700?
True
Does 72 divide 140472?
True
Is 271 a factor of 6371752?
True
Does 211 divide 1177378?
False
Is 79560 a multiple of 306?
True
Is 6 a factor of 55989?
False
Is 227518 a multiple of 423?
False
Is 2159658 a multiple of 6?
True
Is 146510 a multiple of 2?
True
Is 98 a factor of 1894156?
False
Is 11286 a multiple of 2?
True
Is 100785 a multiple of 49?
False
Is 8 a factor of 541125?
False
Does 152 divide 741304?
True
Does 20 divide 27652313?
False
Does 8 divide 304191?
False
Does 460 divide 1582400?
True
Does 224 divide 65841?
False
Does 189 divide 34988?
False
Does 10 divide 1227902?
False
Is 19 a factor of 9889556?
False
Is 223752 a multiple of 4?
True
Is 96 a factor of 16401?
False
Is 38 a factor of 4459050?
False
Does 140 divide 794086?
False
Is 102 a factor of 89299?
False
Does 273 divide 10999004?
False
Does 16 divide 5939278?
False
Is 5 a factor of 446791?
False
Is 40 a factor of 158520?
True
Does 84 divide 592475?
False
Is 31512 a multiple of 8?
True
Does 30 divide 739410?
True
Is 691 a factor of 3016215?
True
Is 9 a factor of 66904?
False
Does 5 divide 151732?
False
Is 3 a factor of 10385?
False
Does 836 divide 2409352?
True
Does 7 divide 76055?
True
Does 11 divide 3098407?
False
Is 3612082 a multiple of 7?
False
Is 141 a factor of 387750?
True
Is 795601 a multiple of 359?
False
Does 106 divide 77168?
True
Is 1628312 a multiple of 43?
False
Is 371175 even?
False
Does 68 divide 232719?
False
Is 423 a factor of 616311?
True
Is 150800 a multiple of 145?
True
Does 22 divide 656568?
True
Is 13962 a multiple of 16?
False
Is 131 a factor of 3062911?
True
Does 11 divide 8364323?
True
Is 17 a factor of 1902004?
False
Does 16 divide 57264?
True
Does 14 divide 91462?
True
Does 11 divide 632436?
False
Is 15 a factor of 619650?
True
Is 273294 a multiple of 162?
True
Is 15 a factor of 2345205?
True
Is 98606 a multiple of 121?
False
Does 7 divide 739951?
False
Does 288 divide 1024128?
True
Is 162 a factor of 153226?
False
Is 223740 a multiple of 330?
True
Is 90 a factor of 220128?
False
Does 3 divide 33574?
False
Does 82 divide 401513?
False
Does 16 divide 88109?
False
Is 20 a factor of 999840?
True
Does 30 divide 335969?
False
Is 570 a factor of 1163370?
True
Is 645198 a multiple of 594?
False
Is 66 a factor of 706745?
False
Is 19 a factor of 901417?
True
Is 1584993 a multiple of 28?
False
Is 537202 a multiple of 138?
False
Does 82 divide 322321?
False
Does 146 divide 958710?
False
Is 672219 a multiple of 43?
True
Does 522 divide 3520412?
False
Does 402 divide 19148064?
True
Is 2 a factor of 116453?
False
Is 1440528 a multiple of 696?
False
Does 8 divide 1013800?
True
Is 9089062 a multiple of 252?
False
Is 78 a factor of 48594?
True
Is 10307844 a multiple of 54?
True
Does 47 divide 445513?
True
Is 2036475 a multiple of 25?
True
Does 6 divide 450963?
False
Is 14 a factor of 53858?
True
Is 113 a factor of 27605335?
True
Is 4502875 a multiple of 85?
True
Does 41 divide 1964139?
False
Does 156 divide 903240?
True
Is 204767 a multiple of 390?
False
Does 319 divide 118349?
True
Is 331 a factor of 152591?
True
Does 1126 divide 1799994?
False
Does 42 divide 159750?
False
Is 6 a factor of 3157432?
False
Is 426 a factor of 2682883?
False
Does 74 divide 141636?
True
Is 26 a factor of 84526?
True
Is 27 a factor of 8993178?
False
Is 2164741 a multiple of 356?
False
Is 185575 a multiple of 65?
True
Is 276474 a multiple of 10?
False
Is 15 a factor of 124890?
True
Is 1252565 a multiple of 67?
True
Does 352 divide 4788256?
True
Does 325 divide 59794?
False
Is 389 a factor of 250127?
True
Is 2433261 a multiple of 67?
False
Is 880 a factor of 11888800?
True
Is 272847 a multiple of 309?
True
Is 559 a factor of 1804333?
False
Does 528 divide 201168?
True
Is 233088 a multiple of 192?
True
Is 743140 a multiple of 146?
True
Is 5 a factor of 22149?
False
Is 41912 a multiple of 163?
False
Is 13 a factor of 12802370?
False
Does 20 divide 88420?
True
Is 19 a factor of 4234505?
False
Is 139 a factor of 11936764?
True
Is 2762255 a multiple of 158?
False
Is 1072032 a multiple of 497?
False
Does 41 divide 17304?
False
Is 2070360 a multiple of 729?
True
Is 14 a factor of 173403?
False
Does 315 divide 996345?
True
Does 22 divide 849522?
False
Is 16 a factor of 360576?
True
Does 158 divide 2376537?
False
Is 480480 a multiple of 132?
True
Is 3 a factor of 2784?
True
Is 10363626 a multiple of 39?
True
Is 364905 a multiple of 901?
True
Is 8 a factor of 242818?
False
Does 24 divide 4563193?
False
Is 627 a factor of 4131303?
True
Does 13 divide 694287?
False
Does 134 divide 100500?
True
Is 228 a factor of 342684?
True
Is 422 a factor of 200028?
True
Does 28 divide 1317778?
False
Does 146 divide 562100?
True
Is 8822800 a multiple of 48?
False
Does 243 divide 36693?
True
Is 304651 a multiple of 19?
False
Is 25704 a multiple of 119?
True
Is 2288044 a multiple of 596?
True
Is 38 a factor of 75810?
True
Does 14 divide 8221612?
True
Is 691188 a multiple of 698?
False
Is 475 a factor of 174836?
False
Is 973877 a multiple of 16?
False
Does 102 divide 639625?
False
Is 5797578 a multiple of 17?
True
Does 93 divide 22540926?
False
Is 202 a factor of 3360674?
True
Does 10 divide 779094?
False
Is 2737550 a multiple of 179?
False
Is 2821406 a multiple of 1106?
True
Is 2395331 a multiple of 221?
False
Does 45 divide 369541?
False
Is 523 a factor of 14006257?
False
Does 277 divide 792497?
True
Is 1186479 a multiple of 63?
True
Does 3 divide 16966?
False
Is 58 a factor of 997974?
False
Is 118125 a multiple of 525?
True
Is 411199 a multiple of 16?
False
Is 375 a factor of 47407?
False
Does 302 divide 317402?
True
Does 253 divide 308863?
False
Is 699 a factor of 2222739?
False
Does 22 divide 2667001?
False
Does 16 divide 1889502?
False
Is 11780384 a multiple of 56?
True
Does 12 divide 1510656?
True
Is 20 a factor of 280287?
False
Is 576829 a multiple of 220?
False
Is 34 a factor of 1753108?
True
Is 291544 a multiple of 61?
False
Does 125 divide 689889?
False
Is 461563 a multiple of 23?
False
Is 17684115 a multiple of 15?
True
Is 60864 a multiple of 24?
True
Is 446321 a multiple of 6?
False
Does 17 divide 111636?
False
Is 169004 a multiple of 44?
True
Does 20 divide 68943?
False
Is 108031 a multiple of 427?
True
Is 706 a factor of 6812194?
True
Is 16 a factor of 12528?
True
Does 3 div